{"id":5176,"date":"2024-08-28T15:08:07","date_gmt":"2024-08-28T13:08:07","guid":{"rendered":"https:\/\/osfm-sport.splet.arnes.si\/?page_id=5176"},"modified":"2025-06-11T12:25:36","modified_gmt":"2025-06-11T10:25:36","slug":"uspehi-sol-leto-2024-2025","status":"publish","type":"page","link":"https:\/\/sport.fmalgaja.si\/?page_id=5176","title":{"rendered":"Uspehi \u0161ol. leto 2024-2025"},"content":{"rendered":"<p><span style=\"color: #0000ff\"><strong>Podro\u010dno&nbsp; prvenstvo v ODBOJKI na mivki za deklice \u2013 Celje, 10. 6. 2025<\/strong><\/span><\/p>\n<ul>\n<li>5. mesto &#8211; <span data-sheets-formula-bar-text-style=\"font-size:13px;color:#000000;font-weight:normal;text-decoration:none;font-family:'Arial';font-style:normal;text-decoration-skip-ink:none;\">igrale so: Ema Brglez, Kaja \u0110oki\u0107, Zala Filej, \u017dana Pajk, Tina Vrabl<\/span><\/li>\n<\/ul>\n<p>&nbsp;<\/p>\n<p><span style=\"color: #0000ff\"><strong>Dr\u017eavno prvenstvo v lokostrelstvu za de\u010dke 7. do 9. razred \u2013 Stari trg pri Lo\u017eu, 31. 5. 2025<\/strong><\/span><\/p>\n<ul>\n<li>9. mesto &#8211; Aleks Berden, ukrivljeni lok<\/li>\n<\/ul>\n<p>&nbsp;<\/p>\n<p><strong><u><span style=\"color: #0000ff\">Medob\u010dinsko prvenstvo ATLETSKI TROBOJ letnik 2014 in mlaj\u0161i &#8211; \u0160entjur, 28. 5. 2025<\/span><\/u><\/strong><\/p>\n<ul>\n<li>1. mesto:\n<ul>\n<li>Evita Fider\u0161ek<\/li>\n<li>EKIPNO deklice (Fider\u0161ek, Smagaj, Herman, Kukovi\u010d),<\/li>\n<\/ul>\n<\/li>\n<li>3. mesto:\n<ul>\n<li>Ga\u0161per Gori\u0161ek Mauer<\/li>\n<li>EKIPNO de\u010dki (Gori\u0161ek, Beniger, Grudnik, Urleb)<\/li>\n<\/ul>\n<\/li>\n<\/ul>\n<p>&nbsp;<\/p>\n<p><strong><span style=\"color: #0000ff;text-decoration: underline\">Podro\u010dno finale v atletiki za VAP in MAP O\u0160 &#8211; Celje, 27. 5. 2025<\/span><\/strong><\/p>\n<ul>\n<li>1. mesto:\n<ul>\n<li>Tinkara Gaj\u0161ek, daljina MAP<\/li>\n<\/ul>\n<\/li>\n<\/ul>\n<ul>\n<li>2. mesto:\n<ul>\n<li>Maj Kr\u010d, 300m MAP<\/li>\n<li>\u017dana Pajk, skok v vi\u0161ino VAP<\/li>\n<\/ul>\n<\/li>\n<\/ul>\n<ul>\n<li>3. mesto:\n<ul>\n<li>Tor Mauko Jug, 60m VAP<\/li>\n<li>Marisa Obreza, daljina MAP<\/li>\n<li>4 x 100m deklice (Zarja Jakopi\u010d \u017dolgar, Luna Rozman, Tinkara Gaj\u0161ek, \u017dana Pajk)<\/li>\n<li>4 x 100m de\u010dki (Alen Kunsti\u010d, Matic Bre\u010dko, Maj Smole, Tor Mauko Jug)<\/li>\n<\/ul>\n<\/li>\n<li>4. mesto:\n<ul>\n<li>Iva Smagaj, daljina MAP<\/li>\n<\/ul>\n<\/li>\n<li>5. mesto\n<ul>\n<li>Matic Bre\u010dko, 300m VAP<\/li>\n<\/ul>\n<\/li>\n<li>6. mesto:\n<ul>\n<li>Luna Rozman, 60m VAP<\/li>\n<\/ul>\n<\/li>\n<\/ul>\n<p>&nbsp;<\/p>\n<p><span style=\"color: #0000ff\"><strong>Medob\u010dinsko prvenstvo v odbojki na mivki za deklice \u2013 Dramlje, 26. 5. 2025<\/strong><\/span><\/p>\n<ul>\n<li>1. mesto &#8211; <span data-sheets-formula-bar-text-style=\"font-size:13px;color:#000000;font-weight:normal;text-decoration:none;font-family:'Arial';font-style:normal;text-decoration-skip-ink:none;\">igrale so: \u0110oki\u0107 Kaja, Filej Zala Koro\u0161ec Julija, Berglez Ema, Vrabl Tina<\/span><\/li>\n<\/ul>\n<p>&nbsp;<\/p>\n<p>&nbsp;<\/p>\n<p><span style=\"color: #0000ff\"><strong>Podro\u010dno prvenstvo v lokostrelstvu za de\u010dke 7. do 9. razred \u2013 Maribor, 10. 5. 2025<\/strong><\/span><\/p>\n<ul>\n<li>3. mesto &#8211; Aleks Berden, ukrivljeni lok<\/li>\n<\/ul>\n<p>&nbsp;<\/p>\n<p><strong><span style=\"color: #0000ff;text-decoration: underline\">Dr\u017eavno prvenstvo v krosu&nbsp; &#8211; Murska Sobota, 17. 4. 2025<\/span><\/strong><\/p>\n<ul>\n<li>1. mesto:\n<ul>\n<li>Tinkara Gaj\u0161ek, 7. raz&nbsp;<\/li>\n<\/ul>\n<\/li>\n<li>5. mesto\n<ul>\n<li>Zarja Jakopi\u010d \u017dolgar, 6. raz<\/li>\n<\/ul>\n<\/li>\n<\/ul>\n<ul>\n<li>19. mesto:\n<ul>\n<li>Manca Jazbec, 8. raz<\/li>\n<\/ul>\n<\/li>\n<\/ul>\n<p>&nbsp;<\/p>\n<p><span style=\"color: #0000ff\"><strong>Dr\u017eavno prvenstvo v \u0161portnem plezanju &#8211; Vojnik, 12 4. 2025<\/strong><\/span><\/p>\n<ul>\n<li>8. mesto Nika Modic (st. brez licence)<\/li>\n<li>16. mesto Iva Ogradi (st. z licenco)<\/li>\n<\/ul>\n<p>&nbsp;<\/p>\n<p><span style=\"color: #0000ff\"><strong>Medob\u010dinsko prvenstvo v krosu (spomladansko) \u2013 Slivnica, 8. 4. 2025<\/strong><\/span><\/p>\n<ul>\n<li>1. mesto:\n<ul>\n<li>Vid Kukovi\u010d, 6. raz<\/li>\n<li>Zarja Jakopi\u010d \u017dolgar, 6. raz<\/li>\n<li>Tinkara Gaj\u0161ek, 7. raz<\/li>\n<li>Luna Rozman, 8. raz<\/li>\n<\/ul>\n<\/li>\n<\/ul>\n<ul>\n<li>2. mesto:\n<ul>\n<li>Aleksander Mastnak, 5. raz<\/li>\n<li>Zala Kukovi\u010d, 5. raz<\/li>\n<li>Tejo Brilej 6. raz<\/li>\n<li>Matija Per\u010di\u010d, 8. raz<\/li>\n<li>Urh Kr\u010d, 9. raz<\/li>\n<\/ul>\n<\/li>\n<\/ul>\n<p>&nbsp;<\/p>\n<p><span style=\"color: #0000ff\"><strong>Medob\u010dinsko prvenstvo v odbojki za mlaj\u0161e deklice \u2013 Hru\u0161evec, 14. 3. 2025<\/strong><\/span><\/p>\n<ul>\n<li>1. mesto &#8211; <span data-sheets-formula-bar-text-style=\"font-size:13px;color:#000000;font-weight:normal;text-decoration:none;font-family:'Arial';font-style:normal;text-decoration-skip-ink:none;\">igrale so: \u010coklc Jana, \u0110oki\u0107 Teja, Fras Neli, Gaj\u0161ek Ma\u0161a, Gaj\u0161ek Tinkara, Gregorc Anastazija, Jeri\u010d Zoja, Jusi\u010d Ajla, Obreza Marisa, Zaver\u0161ek Alja<\/span><span data-sheets-formula-bar-text-style=\"font-size:13px;color:#000000;font-weight:normal;text-decoration:none;font-family:'Arial';font-style:normal;text-decoration-skip-ink:none;\"><br \/>\n<\/span><span data-sheets-formula-bar-text-style=\"font-size:13px;color:#000000;font-weight:normal;text-decoration:none;font-family:'Arial';font-style:normal;text-decoration-skip-ink:none;\"> <a href=\"https:\/\/sport.fmalgaja.si\/files\/2025\/03\/20250314_135818-scaled.jpg\"><img loading=\"lazy\" decoding=\"async\" class=\"aligncenter size-medium wp-image-5623\" src=\"https:\/\/sport.fmalgaja.si\/files\/2025\/03\/20250314_135818-300x225.jpg\" alt=\"\" width=\"300\" height=\"225\"><\/a><\/span><\/li>\n<\/ul>\n<p>&nbsp;<\/p>\n<p><span style=\"color: #0000ff\"><strong>Dr\u017eavno prvenstvo v alpskem smu\u010danju \u2013 Rogla , 6. 3. 2025<\/strong><\/span><\/p>\n<ul>\n<li>9. mesto &#8211; Tim Lujanac<\/li>\n<\/ul>\n<p><span style=\"color: #0000ff\"><strong>Dr\u017eavno prvenstvo v lokostrelstvu za de\u010dke 7. do 9. razred \u2013 Vojnik, 1. 3. 2025<\/strong><\/span><\/p>\n<ul>\n<li>7. mesto &#8211; Aleks Berden, ukrivljeni lok<\/li>\n<\/ul>\n<p><span style=\"color: #0000ff\"><strong>Medob\u010dinsko prvenstvo v ko\u0161arki za starej\u0161e de\u010dke \u2013 Hru\u0161evec, 22. 2. 2025<\/strong><\/span><\/p>\n<ul>\n<li>3. mesto &#8211; <span data-sheets-formula-bar-text-style=\"font-size:13px;color:#000000;font-weight:normal;text-decoration:none;font-family:'Arial';font-style:normal;text-decoration-skip-ink:none;\">igrali so: Maj Kr\u010d, Matev\u017e Langus, Miha Zavr\u0161nik, Lucijan Drofenik, Urh Herman, Maj Karner, Lovro Mo\u010dnik, Amadej Frece, Aleks Berden, A\u017ebe Ur\u0161i\u010d, Patrik Trupej.<\/span><\/li>\n<\/ul>\n<p><span style=\"color: #0000ff\"><strong>Medob\u010dinsko prvenstvo v ko\u0161arki za starej\u0161e de\u010dke \u2013 Hru\u0161evec, 15. 2. 2025<\/strong><\/span><\/p>\n<ul>\n<li>1. mesto &#8211; <span data-sheets-formula-bar-text-style=\"font-size:13px;color:#000000;font-weight:normal;text-decoration:none;font-family:'Arial';font-style:normal;text-decoration-skip-ink:none;\">igrali so:Maj Kr\u010d, Matev\u017e Langus, Miha Zavr\u0161nik, Lucijan Drofenik, Urh Herman, Maj Karner, Lovro Mo\u010dnik, Amadej Frece, Aleks Berden, A\u017ebe Ur\u0161i\u010d, Patrik Trupej.<\/span><\/li>\n<\/ul>\n<p><span style=\"color: #0000ff\"><strong>Podro\u010dno prvenstvo v alpskem smu\u010danju \u2013 Golte , 14. 2. 2025<\/strong><\/span><\/p>\n<ul>\n<li>6. mesto &#8211; Tim Lujanac<\/li>\n<li>3. mesto ekipa mlaj\u0161i u\u010denci\/ke Maj Karner, Janez Prezelj, Hana Drobne, Maj Kr\u010d, Jana \u010coklc<\/li>\n<\/ul>\n<p><span style=\"color: #0000ff\"><strong>Podro\u010dno prvenstvo v lokostrelstvu za de\u010dke 7. do 9. razred \u2013 Gri\u017ee, 1. 2. 2025<\/strong><\/span><\/p>\n<ul>\n<li>4. mesto &#8211; Aleks Berden, ukrivljeni lok<\/li>\n<\/ul>\n<p>&nbsp;<\/p>\n<p><span style=\"color: #0000ff\"><strong>Medob\u010dinsko prvenstvo v odbojki za starej\u0161e deklice \u2013 Planina, 11. 12. 2024<\/strong><\/span><\/p>\n<ul>\n<li>1. mesto &#8211; <span data-sheets-formula-bar-text-style=\"font-size:13px;color:#000000;font-weight:normal;text-decoration:none;font-family:'Arial';font-style:normal;text-decoration-skip-ink:none;\">igrale so: Pajk \u017dana, Tina Vrabl, Berglez Ema, Fon Nu\u0161a, Kolar Ela Vita, Lup\u0161e Eva, Antoli\u010d Lara, \u0110oki\u010d Kaja, Filej Zala, Lukanc Manca, \u0160aki\u0107 Lana Sun\u010dica, Opre\u0161nik Ne\u017ea.<\/span><\/li>\n<\/ul>\n<p>&nbsp;<\/p>\n<p><span style=\"color: #0000ff\"><strong>Medob\u010dinsko prvenstvo v ko\u0161arki za starej\u0161e deklice \u2013 Ponikva 13. 11. 2024<\/strong><\/span><\/p>\n<ul>\n<li>1. mesto &#8211; <span data-sheets-formula-bar-text-style=\"font-size:13px;color:#000000;font-weight:normal;text-decoration:none;font-family:'Arial';font-style:normal;text-decoration-skip-ink:none;\">igrale so: Opre\u0161nik Eva, Pajk \u017dana, Tina Vrabl, Berglez Ema, Jazbec Manca, Marko\u0161ek Ajda, Fon Nu\u0161a, Kolar Ela Vita, Lup\u0161e Eva, Turn\u0161ek Tara, Cugmajster Vovk Lili, Ko\u0161ec Simona<\/span><\/li>\n<\/ul>\n<p><a href=\"https:\/\/sport.fmalgaja.si\/files\/2024\/11\/20241113_135905-scaled.jpg\"><img loading=\"lazy\" decoding=\"async\" class=\"aligncenter size-medium wp-image-5388\" src=\"https:\/\/sport.fmalgaja.si\/files\/2024\/11\/20241113_135905-225x300.jpg\" alt=\"\" width=\"225\" height=\"300\"><\/a><\/p>\n<p><span style=\"color: #0000ff\"><strong>Podro\u010dno&nbsp; prvenstvo v ko\u0161arki za starej\u0161e de\u010dke \u2013 Hru\u0161evec&nbsp; 5. 11. 2024<\/strong><\/span><\/p>\n<ul>\n<li>1. mesto &#8211; <span data-sheets-formula-bar-text-style=\"font-size:13px;color:#000000;font-weight:normal;text-decoration:none;font-family:'Arial';font-style:normal;text-decoration-skip-ink:none;\">igrali so: Urh Kr\u010d, Jan Kumer, Matic Bre\u010dko, Luka Kova\u010di\u010d, \u017diga Klanj\u0161ek, Tor Mauko Jug, Matija Per\u010di\u010d, Matija Per\u010di\u010d, Maj Bezen\u0161ek, Gaber Kajtna, Jakob Gregor, Rok Kunsti\u010d, Nick Fras, Adam Aly Sherif.<\/span><\/li>\n<\/ul>\n<p><span style=\"color: #0000ff\"><strong>Medob\u010dinsko prvenstvo v ko\u0161arki za starej\u0161e de\u010dke \u2013 Hru\u0161evec 24. 10. 2024<\/strong><\/span><\/p>\n<ul>\n<li>1. mesto &#8211; <span data-sheets-formula-bar-text-style=\"font-size:13px;color:#000000;font-weight:normal;text-decoration:none;font-family:'Arial';font-style:normal;text-decoration-skip-ink:none;\">igrali so: Urh Kr\u010d, Jan Kumer, Matic Bre\u010dko, Luka Kova\u010di\u010d, \u017diga Klanj\u0161ek, Tor Mauko Jug, Matija Per\u010di\u010d, Matija Per\u010di\u010d, Maj Bezen\u0161ek, Gaber Kajtna, Jakob Gregor, Rok Kunsti\u010d, Nick Fras, Adam Aly Sherif.<\/span><\/li>\n<\/ul>\n<p>&nbsp;<\/p>\n<p><span style=\"color: #0000ff\"><strong>Dr\u017eavno prvenstvo v cestnem teku (Ljubljanski maraton) \u2013 Ljubljana, 19. 10. 2024<\/strong><\/span><\/p>\n<ul>\n<li>1. mesto:\n<ul>\n<li>Tinkara Gaj\u0161ek 7. raz 1500m<\/li>\n<\/ul>\n<\/li>\n<\/ul>\n<p><a href=\"https:\/\/sport.fmalgaja.si\/files\/2024\/10\/20241019_135742-scaled.jpg\"><img loading=\"lazy\" decoding=\"async\" class=\"aligncenter size-medium wp-image-5328\" src=\"https:\/\/sport.fmalgaja.si\/files\/2024\/10\/20241019_135742-225x300.jpg\" alt=\"\" width=\"225\" height=\"300\"><\/a><\/p>\n<p><span style=\"color: #0000ff\"><strong>Medob\u010dinsko prvenstvo v krosu (jesensko) \u2013 \u0160entjur, 9. 10. 2024<\/strong><\/span><\/p>\n<ul>\n<li>1. mesto:\n<ul>\n<li>EKIPNO deklice 5. do 9. raz,<\/li>\n<li>EKIPNO de\u010dki 5. do 9. raz<\/li>\n<li>Vid Kukovi\u010d, 6. raz<\/li>\n<li>Zarja Jakopi\u010d \u017dolgar, 6. raz<\/li>\n<li>Maj Kr\u010d, 7. raz<\/li>\n<li>Tinkara Gaj\u0161ek, 7. raz<\/li>\n<li>Matija Per\u010di\u010d, 8. raz<\/li>\n<li>Lara Antoli\u010d, 8. raz<\/li>\n<\/ul>\n<\/li>\n<\/ul>\n<ul>\n<li>2. mesto:\n<ul>\n<li>Davorin Beniger, 5. raz<\/li>\n<li>Zala Kukovi\u010d, 5. raz<\/li>\n<li>Tejo Brilej 6. raz<\/li>\n<li>Urban Mezgec, 8. raz<\/li>\n<li>Matic Bre\u010dko, 9. raz<\/li>\n<\/ul>\n<\/li>\n<\/ul>\n<p><a href=\"https:\/\/sport.fmalgaja.si\/files\/2024\/10\/20241009_153538-scaled.jpg\"><img loading=\"lazy\" decoding=\"async\" class=\"aligncenter size-medium wp-image-5291\" src=\"https:\/\/sport.fmalgaja.si\/files\/2024\/10\/20241009_153538-225x300.jpg\" alt=\"\" width=\"225\" height=\"300\"><\/a><\/p>\n","protected":false},"excerpt":{"rendered":"<p>Podro\u010dno&nbsp; prvenstvo v ODBOJKI na mivki za deklice \u2013 Celje, 10. 6. 2025 5. mesto &#8211; igrale so: Ema Brglez, Kaja \u0110oki\u0107, Zala Filej, \u017dana Pajk, Tina Vrabl &nbsp; Dr\u017eavno prvenstvo v lokostrelstvu za de\u010dke 7. do 9. razred \u2013 Stari trg pri Lo\u017eu, 31. 5. 2025 9. mesto &#8211; Aleks Berden, ukrivljeni lok &nbsp; [&hellip;]<\/p>\n","protected":false},"author":5967,"featured_media":0,"parent":0,"menu_order":0,"comment_status":"closed","ping_status":"closed","template":"","meta":{"_et_pb_use_builder":"","_et_pb_old_content":"","_et_gb_content_width":"","ngg_post_thumbnail":0,"footnotes":"","_expiration-date-status":"","_expiration-date":0,"_expiration-date-type":"","_expiration-date-categories":[],"_expiration-date-options":[]},"class_list":["post-5176","page","type-page","status-publish","hentry"],"_links":{"self":[{"href":"https:\/\/sport.fmalgaja.si\/index.php?rest_route=\/wp\/v2\/pages\/5176","targetHints":{"allow":["GET"]}}],"collection":[{"href":"https:\/\/sport.fmalgaja.si\/index.php?rest_route=\/wp\/v2\/pages"}],"about":[{"href":"https:\/\/sport.fmalgaja.si\/index.php?rest_route=\/wp\/v2\/types\/page"}],"author":[{"embeddable":true,"href":"https:\/\/sport.fmalgaja.si\/index.php?rest_route=\/wp\/v2\/users\/5967"}],"replies":[{"embeddable":true,"href":"https:\/\/sport.fmalgaja.si\/index.php?rest_route=%2Fwp%2Fv2%2Fcomments&post=5176"}],"version-history":[{"count":15,"href":"https:\/\/sport.fmalgaja.si\/index.php?rest_route=\/wp\/v2\/pages\/5176\/revisions"}],"predecessor-version":[{"id":5848,"href":"https:\/\/sport.fmalgaja.si\/index.php?rest_route=\/wp\/v2\/pages\/5176\/revisions\/5848"}],"wp:attachment":[{"href":"https:\/\/sport.fmalgaja.si\/index.php?rest_route=%2Fwp%2Fv2%2Fmedia&parent=5176"}],"curies":[{"name":"wp","href":"https:\/\/api.w.org\/{rel}","templated":true}]}}